
210
In base 15, what is -4ca + -3?
-4cd
In base 9, what is 52 + -31?
21
In base 8, what is 663 - 3?
660
In base 8, what is -57 + -23?
-102
In base 5, what is -11 - 20321?
-20332
In base 4, what is -1001 + -21?
-1022
In base 3, what is -20012 - 1?
-20020
In base 2, what is -10 + 100101010001?
100101001111
In base 3, what is -10202 + -10?
-10212
In base 8, what is 1 - 5721?
-5720
In base 7, what is 6222 - -3?
6225
In base 13, what is -5 - -826?
821
In base 11, what is 515 + -2?
513
In base 2, what is -101001110 + 11?
-101001011
In base 4, what is -1100013 - 1?
-1100020
In base 12, what is 3 - -748?
74b
In base 9, what is 7 + 3?
11
In base 11, what is 35 - 96?
-61
In base 15, what is 39 - 6?
33
In base 14, what is -6 - 2c?
-34
In base 9, what is 3 + -11302?
-11288
In base 5, what is 2 + -3013?
-3011
In base 8, what is -32 - -4?
-26
In base 9, what is 1712 + 0?
1712
In base 7, what is 10 + 26?
36
In base 12, what is -2 + -114b?
-1151
In base 14, what is -747 + -1?
-748
In base 8, what is -4 + -446?
-452
In base 8, what is 1 + -446?
-445
In base 6, what is -1 + 3300?
3255
In base 5, what is -4 + -1433?
-1442
In base 6, what is 124 + 500?
1024
In base 13, what is 3a - -10?
4a
In base 13, what is 12 - 8?
7
In base 5, what is -4 + -34220?
-34224
In base 5, what is -101 - 4?
-110
In base 5, what is 0 - -441?
441
In base 8, what is 24 - -6?
32
In base 15, what is 4 - 8b?
-87
In base 8, what is 1256 + -20?
1236
In base 11, what is -2 + -4286?
-4288
In base 16, what is -1ea + -8?
-1f2
In base 3, what is -202 - -1000?
21
In base 16, what is -a3 + -4?
-a7
In base 7, what is 5531 - -4?
5535
In base 10, what is 5 + -268?
-263
In base 8, what is -2 + -773?
-775
In base 4, what is -23013 + 0?
-23013
In base 4, what is 132020 - 3?
132011
In base 15, what is -1e - 89?
-a8
In base 13, what is -104 + -43?
-147
In base 12, what is b + -25?
-16
In base 10, what is -58 + 50?
-8
In base 7, what is -1022 - -5?
-1014
In base 5, what is 224 + 3?
232
In base 9, what is -27 + 335?
307
In base 6, what is 0 - 214?
-214
In base 4, what is 2031 + 2?
2033
In base 14, what is 0 + 109?
109
In base 4, what is -133310 + 0?
-133310
In base 15, what is 0 - -74?
74
In base 14, what is 1a + 63?
7d
In base 3, what is 122 - 1121?
-222
In base 12, what is 153 - 3?
150
In base 13, what is 1ab + -2?
1a9
In base 16, what is 3 - -32?
35
In base 11, what is -1413 - 3?
-1416
In base 14, what is -163 - 1?
-164
In base 9, what is 787 + -1?
786
In base 4, what is 30021 + -12?
30003
In base 9, what is -466 - 4?
-471
In base 10, what is -75 + 2?
-73
In base 15, what is 1 - a?
-9
In base 13, what is -13 + -1c?
-32
In base 13, what is 2c - 5?
27
In base 12, what is -79 + 18?
-61
In base 2, what is -100011001 + -1?
-100011010
In base 4, what is -22012 - 113?
-22131
In base 4, what is -12 - 1203?
-1221
In base 4, what is 113 + 0?
113
In base 13, what is 3 + -4540?
-453a
In base 10, what is 2074 + 4?
2078
In base 16, what is -a2 + 30?
-72
In base 14, what is -6 - 2?
-8
In base 12, what is 1763 - 0?
1763
In base 8, what is -377 + 1?
-376
In base 3, what is -1010 + 2?
-1001
In base 14, what is -2 - 83?
-85
In base 11, what is -3 + 9a?
97
In base 12, what is -1 + -66b?
-670
In base 15, what is -15a7e - -1?
-15a7d
In base 4, what is -2112 - -13?
-2033
In base 8, what is -3373 - 1?
-3374
In base 7, what is -11 - -11361?
11350
In base 8, what is 141 - 4?
135
In base 14, what is 1177 + 0?
1177
In base 10, what is -2135 - 3?
-2138
In base 8, what is 237 + 0?
237
In base 14, what is 19c + 3?
1a1
In base 13, what is 5 - 179?
-174
In base 15, what is -69 - 3?
-6c
In base 6, what is -2455 - -12?
-2443
In base 10, what is -84 - -1?
-83
In base 13, what is -7 - -2c?
25
In base 8, what is 435 - 0?
435
In base 13, what is -5 - -87?
82
In base 10, what is -5 - -2?
-3
In base 10, what is -55 - -54?
-1
In base 9, what is -25 + -58?
-84
In base 2, what is 1001110100001 - -100?
1001110100101
In base 11, what is 1 + 26?
27
In base 15, what is e37 + 3?
e3a
In base 8, what is -1 - 60?
-61
In base 3, what is -112211 + 11?
-112200
In base 4, what is 33 + -211?
-112
In base 10, what is -10814 - 2?
-10816
In base 16, what is -2e - 0?
-2e
In base 4, what is 103 - 13?
30
In base 8, what is 137 + 141?
300
In base 8, what is 5 - 206?
-201
In base 3, what is 2 + -11000?
-10221
In base 5, what is -4 + 20423?
20414
In base 2, what is 110011 - -11?
110110
In base 13, what is -360 - 2?
-362
In base 2, what is 101101100000 - -100?
101101100100
In base 3, what is 110 - -22202?
100012
In base 6, what is -4 + -1310?
-1314
In base 7, what is 10 + 135?
145
In base 13, what is -48 - 1?
-49
In base 16, what is 2 - -10f?
111
In base 8, what is 46371 + 1?
46372
In base 7, what is -3 + -13061?
-13064
In base 11, what is a23 + -9?
a15
In base 7, what is -21 - -352?
331
In base 2, what is -1 + -10000001001?
-10000001010
In base 11, what is 685 + 20?
6a5
In base 7, what is 610 - -4?
614
In base 14, what is -58 - 4?
-5c
In base 6, what is 12144 + 2?
12150
In base 13, what is -2 - 6c6?
-6c8
In base 7, what is 3 - 0?
3
In base 16, what is 10 - 83?
-73
In base 10, what is 1852 - 7?
1845
In base 5, what is 100 + 3?
103
In base 14, what is 3 + a?
d
In base 3, what is 0 - 1111101?
-1111101
In base 13, what is 449 - -5?
451
In base 15, what is -6 + c7?
c1
In base 12, what is -2 + -42?
-44
In base 11, what is -6 + -107?
-112
In base 11, what is -4 - -270?
267
In base 9, what is -6 + -303?
-310
In base 16, what is -1 + -63?
-64
In base 10, what is -7 + -26?
-33
In base 4, what is -1013 + -120?
-1133
In base 13, what is -9b - 7?
-a5
In base 10, what is 18 + 23?
41
In base 8, what is -1 + -5?
-6
In base 15, what is -3 + 29?
26
In base 12, what is 22 - -5?
27
In base 15, what is 65 + 5?
6a
In base 8, what is -1 - 116?
-117
In base 5, what is 4233 - -2?
4240
In base 6, what is 4 + 551?
555
In base 4, what is 233031 + 1?
233032
In base 10, what is -4 + -166?
-170
In base 12, what is 3024 - -1?
3025
In base 8, what is -60 + -60?
-140
In base 9, what is 114 + 20?
134
In base 10, what is 37 + 5?
42
In base 13, what is -1754 - 4?
-1758
In base 5, what is -3 - 1331?
-1334
In base 2, what is 100000 + 10101?
110101
In base 12, what is -71b5 - -2?
-71b3
In base 12, what is 37 + -68?
-31
In base 13, what is 37 - -2?
39
In base 12, what is 37 + 1?
38
In base 12, what is -8860 + 3?
-8859
In base 3, what is -1010200 + -11?
-1010211
In base 4, what is -1 - 1001?
-1002
In base 2, what is -100000011110001 - 101?
-100000011110110
In base 8, what is -1463 - -1?
-1462
In base 8, what is -4 + -17?
-23
In base 14, what is 0 + -4a?
-4a
In base 3, what is 10011102 - 11?
10011021
In base 7, what is -411 + -4?
-415
In base 11, what is -341 - -2?
-33a
In base 15, what is bc3 + 1?
bc4
In base 8, what is 4 - -1322?
1326
In base 16, what is 5 - -3e?
43
In base 5, what is 2 + 220?
222
In base 12, what is -5 + -285?
-28a
In base 10, what is 1 + -22?
-21
In base 15, what is 5 - 249?
-244
In base 12, what is 40 + -54?
-14
In base 11, what is 2a91 + -2?
2a8a
In base 4, what is 32131 + -21?
32110
In base 4, what is -20 - 22?
-102
In base 16, what is -7 - -2?
-5
In base 14, what is -5d - 6?
-65
In base 15, what is 1 + 49?
4a
In base 12, what is 2 - -40?
42
In base 8, what is 237 + -7?
230
In base 4, what is -10 - -1003103?
1003033
In base 16, what is -4 - -1e5?
1e1
In base 2, what is 11110001 - 1001?
11101000
In base 8, what is -23 + -4?
-27
In base 2, what is -1010 - 101010?
-110100
In base 13, what is -13a1 - 0?
-13a1
In base 2, what is -100101001 - 101?
-100101110
In base 2, what is 100100111 + -10?
100100101
In base 14, what is 10 + -8?
6
In base 3, what is 0 - -20110?
20110
In base 15, what is -4b - -c?
-3e
In base 9, what is 18860 + 2?
18862
In base 6, what is 20203 - -1?
20204
In base 15, what is -7 - -19?
12
In base 2, what is -100110011101 - 11?
-100110100000
In base 2, what is -101 + -101010001111?
-101010010100
In base 15, what is 7b - -6?
82
In base 9, what is 23 + -72?
-48
In base 7, what is -626 + -3?
-632
In base 9, what is -5 - 276?
-282
In base 4, what is 330010 + -1?
330003
In base 5, what is 102 + -22?
30
In base 2, what is 100110100 - -1111000?
110101100
In base 12, what is -16 + -20?
-36
In base 8, what is 374 + 4?
400
In base 6, what is -4 - 2013?
-2021
In base 7, what is -220